{"id":729,"date":"2021-11-19T15:01:57","date_gmt":"2021-11-19T15:01:57","guid":{"rendered":"http:\/\/efl2021.local\/?page_id=729"},"modified":"2021-12-07T17:24:14","modified_gmt":"2021-12-07T17:24:14","slug":"brechas-de-capital-humano-2021-2030-en-la-gran-mineria","status":"publish","type":"page","link":"https:\/\/ccm-eleva.cl\/efl2021\/demanda-y-brechas\/brechas-de-capital-humano-2021-2030-en-la-gran-mineria\/","title":{"rendered":"Brechas de capital humano 2021-2030 en la Gran Miner\u00eda"},"content":{"rendered":"\t\t<div data-elementor-type=\"wp-page\" data-elementor-id=\"729\" class=\"elementor elementor-729\" data-elementor-settings=\"[]\">\n\t\t\t\t\t\t\t<div class=\"elementor-section-wrap\">\n\t\t\t\t\t\t\t<section class=\"elementor-section elementor-top-section elementor-element elementor-element-7c58922 elementor-section-full_width elementor-section-height-default elementor-section-height-default\" data-id=\"7c58922\" data-element_type=\"section\">\n\t\t\t\t\t\t<div class=\"elementor-container elementor-column-gap-default\">\n\t\t\t\t\t<div class=\"elementor-column elementor-col-100 elementor-top-column elementor-element elementor-element-e88c14b\" data-id=\"e88c14b\" data-element_type=\"column\">\n\t\t\t<div class=\"elementor-widget-wrap elementor-element-populated\">\n\t\t\t\t\t\t\t\t<div class=\"elementor-element elementor-element-f5ac1f6 elementor--h-position-right elementor--v-position-middle elementor-arrows-position-inside elementor-pagination-position-inside elementor-widget elementor-widget-slides\" data-id=\"f5ac1f6\" data-element_type=\"widget\" data-settings=\"{&quot;navigation&quot;:&quot;both&quot;,&quot;autoplay&quot;:&quot;yes&quot;,&quot;pause_on_hover&quot;:&quot;yes&quot;,&quot;pause_on_interaction&quot;:&quot;yes&quot;,&quot;autoplay_speed&quot;:5000,&quot;infinite&quot;:&quot;yes&quot;,&quot;transition&quot;:&quot;slide&quot;,&quot;transition_speed&quot;:500}\" data-widget_type=\"slides.default\">\n\t\t\t\t<div class=\"elementor-widget-container\">\n\t\t\t\t\t<div class=\"elementor-swiper\">\n\t\t\t<div class=\"elementor-slides-wrapper elementor-main-swiper swiper-container\" dir=\"ltr\" data-animation=\"\">\n\t\t\t\t<div class=\"swiper-wrapper elementor-slides\">\n\t\t\t\t\t\t\t\t\t\t<div class=\"elementor-repeater-item-f04da12 swiper-slide\"><div class=\"swiper-slide-bg\"><\/div><div class=\"swiper-slide-inner\" ><div class=\"swiper-slide-contents\"><div class=\"elementor-slide-heading\">Demanda y brechas de Capital Humano<\/div><\/div><\/div><\/div>\t\t\t\t<\/div>\n\t\t\t\t\t\t\t<\/div>\n\t\t<\/div>\n\t\t\t\t<\/div>\n\t\t\t\t<\/div>\n\t\t\t\t\t<\/div>\n\t\t<\/div>\n\t\t\t\t\t\t\t<\/div>\n\t\t<\/section>\n\t\t\t\t<section class=\"elementor-section elementor-top-section elementor-element elementor-element-4f70c42 elementor-section-boxed elementor-section-height-default elementor-section-height-default\" data-id=\"4f70c42\" data-element_type=\"section\" data-settings=\"{&quot;background_background&quot;:&quot;classic&quot;}\">\n\t\t\t\t\t\t<div class=\"elementor-container elementor-column-gap-default\">\n\t\t\t\t\t<div class=\"elementor-column elementor-col-100 elementor-top-column elementor-element elementor-element-29c8c10\" data-id=\"29c8c10\" data-element_type=\"column\">\n\t\t\t<div class=\"elementor-widget-wrap elementor-element-populated\">\n\t\t\t\t\t\t\t\t<div class=\"elementor-element elementor-element-6fe1da1 elementor-nav-menu__align-justify elementor-nav-menu--dropdown-none scroll elementor-widget elementor-widget-nav-menu\" data-id=\"6fe1da1\" data-element_type=\"widget\" data-settings=\"{&quot;layout&quot;:&quot;horizontal&quot;,&quot;submenu_icon&quot;:{&quot;value&quot;:&quot;&lt;i class=\\&quot;fas fa-caret-down\\&quot;&gt;&lt;\\\/i&gt;&quot;,&quot;library&quot;:&quot;fa-solid&quot;}}\" data-widget_type=\"nav-menu.default\">\n\t\t\t\t<div class=\"elementor-widget-container\">\n\t\t\t\t\t\t<nav migration_allowed=\"1\" migrated=\"0\" role=\"navigation\" class=\"elementor-nav-menu--main elementor-nav-menu__container elementor-nav-menu--layout-horizontal e--pointer-background e--animation-fade\">\n\t\t\t\t<ul id=\"menu-1-6fe1da1\" class=\"elementor-nav-menu\"><li class=\"menu-item menu-item-type-post_type menu-item-object-page menu-item-738\"><a href=\"https:\/\/ccm-eleva.cl\/efl2021\/demanda-y-brechas\/demanda-de-capital-humano-2021-2030-en-la-gran-mineria\/\" class=\"elementor-item\">Demanda de capital humano<br> 2021-2030 en la Gran Miner\u00eda<\/a><\/li>\n<li class=\"menu-item menu-item-type-post_type menu-item-object-page menu-item-737\"><a href=\"https:\/\/ccm-eleva.cl\/efl2021\/demanda-y-brechas\/brechas-de-capital-humano-2021-2030-en-la-gran-mineria\/\" class=\"elementor-item\">Brechas de capital humano <br>2021-2030 en la Gran Miner\u00eda<\/a><\/li>\n<li class=\"menu-item menu-item-type-post_type menu-item-object-page menu-item-736\"><a href=\"https:\/\/ccm-eleva.cl\/efl2021\/demanda-y-brechas\/impacto-tecnologico-en-la-gran-mineria\/\" class=\"elementor-item\">Impacto tecnol\u00f3gico en<br> la Gran Miner\u00eda<\/a><\/li>\n<li class=\"menu-item menu-item-type-post_type menu-item-object-page menu-item-2221\"><a href=\"https:\/\/ccm-eleva.cl\/efl2021\/demanda-y-brechas\/principales-resultados-demanda-y-brechas\/\" class=\"elementor-item\">Principales<br> resultados<\/a><\/li>\n<\/ul>\t\t\t<\/nav>\n\t\t\t\t\t<div class=\"elementor-menu-toggle\" role=\"button\" tabindex=\"0\" aria-label=\"Menu Toggle\" aria-expanded=\"false\">\n\t\t\t<i aria-hidden=\"true\" role=\"presentation\" class=\"eicon-menu-bar\"><\/i>\t\t\t<span class=\"elementor-screen-only\">Menu<\/span>\n\t\t<\/div>\n\t\t\t<nav class=\"elementor-nav-menu--dropdown elementor-nav-menu__container\" role=\"navigation\" aria-hidden=\"true\">\n\t\t\t\t<ul id=\"menu-2-6fe1da1\" class=\"elementor-nav-menu\"><li class=\"menu-item menu-item-type-post_type menu-item-object-page menu-item-738\"><a href=\"https:\/\/ccm-eleva.cl\/efl2021\/demanda-y-brechas\/demanda-de-capital-humano-2021-2030-en-la-gran-mineria\/\" class=\"elementor-item\" tabindex=\"-1\">Demanda de capital humano<br> 2021-2030 en la Gran Miner\u00eda<\/a><\/li>\n<li class=\"menu-item menu-item-type-post_type menu-item-object-page menu-item-737\"><a href=\"https:\/\/ccm-eleva.cl\/efl2021\/demanda-y-brechas\/brechas-de-capital-humano-2021-2030-en-la-gran-mineria\/\" class=\"elementor-item\" tabindex=\"-1\">Brechas de capital humano <br>2021-2030 en la Gran Miner\u00eda<\/a><\/li>\n<li class=\"menu-item menu-item-type-post_type menu-item-object-page menu-item-736\"><a href=\"https:\/\/ccm-eleva.cl\/efl2021\/demanda-y-brechas\/impacto-tecnologico-en-la-gran-mineria\/\" class=\"elementor-item\" tabindex=\"-1\">Impacto tecnol\u00f3gico en<br> la Gran Miner\u00eda<\/a><\/li>\n<li class=\"menu-item menu-item-type-post_type menu-item-object-page menu-item-2221\"><a href=\"https:\/\/ccm-eleva.cl\/efl2021\/demanda-y-brechas\/principales-resultados-demanda-y-brechas\/\" class=\"elementor-item\" tabindex=\"-1\">Principales<br> resultados<\/a><\/li>\n<\/ul>\t\t\t<\/nav>\n\t\t\t\t<\/div>\n\t\t\t\t<\/div>\n\t\t\t\t\t<\/div>\n\t\t<\/div>\n\t\t\t\t\t\t\t<\/div>\n\t\t<\/section>\n\t\t\t\t<section class=\"elementor-section elementor-top-section elementor-element elementor-element-eeab421 elementor-section-boxed elementor-section-height-default elementor-section-height-default\" data-id=\"eeab421\" data-element_type=\"section\">\n\t\t\t\t\t\t<div class=\"elementor-container elementor-column-gap-default\">\n\t\t\t\t\t<div class=\"elementor-column elementor-col-100 elementor-top-column elementor-element elementor-element-8a42c29\" data-id=\"8a42c29\" data-element_type=\"column\">\n\t\t\t<div class=\"elementor-widget-wrap elementor-element-populated\">\n\t\t\t\t\t\t\t\t<div class=\"elementor-element elementor-element-c02a52e elementor-widget elementor-widget-heading\" data-id=\"c02a52e\" data-element_type=\"widget\" data-widget_type=\"heading.default\">\n\t\t\t\t<div class=\"elementor-widget-container\">\n\t\t\t<h2 class=\"elementor-heading-title elementor-size-default\">BRECHAS DE CAPITAL HUMANO AL 2030 POR PERFIL (Cantidad de trabajadores y trabajadoras)<\/h2>\t\t<\/div>\n\t\t\t\t<\/div>\n\t\t\t\t<div class=\"elementor-element elementor-element-3ec75d8 elementor-widget elementor-widget-image\" data-id=\"3ec75d8\" data-element_type=\"widget\" data-widget_type=\"image.default\">\n\t\t\t\t<div class=\"elementor-widget-container\">\n\t\t\t\t\t\t\t\t\t\t\t\t\t\t\t<img loading=\"lazy\" decoding=\"async\" width=\"936\" height=\"728\" src=\"https:\/\/ccm-eleva.cl\/efl2021\/\/wp-content\/uploads\/2021\/11\/Captura-de-Pantalla-2021-11-19-a-las-13.25.40.png\" class=\"attachment-full size-full\" alt=\"\" srcset=\"https:\/\/ccm-eleva.cl\/efl2021\/\/wp-content\/uploads\/2021\/11\/Captura-de-Pantalla-2021-11-19-a-las-13.25.40.png 936w, https:\/\/ccm-eleva.cl\/efl2021\/\/wp-content\/uploads\/2021\/11\/Captura-de-Pantalla-2021-11-19-a-las-13.25.40-300x233.png 300w, https:\/\/ccm-eleva.cl\/efl2021\/\/wp-content\/uploads\/2021\/11\/Captura-de-Pantalla-2021-11-19-a-las-13.25.40-768x597.png 768w\" sizes=\"auto, (max-width: 936px) 100vw, 936px\" \/>\t\t\t\t\t\t\t\t\t\t\t\t\t\t\t<\/div>\n\t\t\t\t<\/div>\n\t\t\t\t<div class=\"elementor-element elementor-element-23dde5b elementor-widget elementor-widget-text-editor\" data-id=\"23dde5b\" data-element_type=\"widget\" data-widget_type=\"text-editor.default\">\n\t\t\t\t<div class=\"elementor-widget-container\">\n\t\t\t\t\t\t\t<p>Fuente: Proyecci\u00f3n demanda total de proyectos + retiros y oferta formativa.<\/p>\t\t\t\t\t\t<\/div>\n\t\t\t\t<\/div>\n\t\t\t\t<div class=\"elementor-element elementor-element-d47f490 elementor-widget elementor-widget-text-editor\" data-id=\"d47f490\" data-element_type=\"widget\" data-widget_type=\"text-editor.default\">\n\t\t\t\t<div class=\"elementor-widget-container\">\n\t\t\t\t\t\t\t<p>La brecha por perfil se calcula a partir de la diferencia entre la oferta formativa y la demanda requerida para los pr\u00f3ximos diez a\u00f1os. En el presente estudio los perfiles con mayor brecha contin\u00faan siendo los mismos que en las versiones anteriores, destacando una disminuci\u00f3n de la brecha en el perfil Mantenedor mec\u00e1nico, de 693 personas. En el caso de los Mantenedores el\u00e9ctricos, la brecha aumenta en 133 personas.<\/p>\n<p>Tambi\u00e9n, se observa una disminuci\u00f3n en la brecha de Operadores de equipos fijos, junto a un aumento de 100 personas en la brecha de Operadores de equipos m\u00f3viles.&nbsp;<\/p>\n<p>Por otra parte, el perfil Ge\u00f3logo, que es el con mayor sobreoferta, presenta una disminuci\u00f3n de 272 personas en relaci\u00f3n a la estimaci\u00f3n anterior.&nbsp;<\/p>\n<p>Los d\u00e9ficits m\u00e1s cr\u00edticos de capital humano en las \u00e1reas de Mantenimiento se presentan en los perfiles vinculados a la formaci\u00f3n t\u00e9cnica (Mantenedores mec\u00e1nicos, el\u00e9ctricos y Supervisores de mantenimiento),y por tanto, son los m\u00e1s relevantes de formar en los pr\u00f3ximos a\u00f1os.&nbsp;<\/p>\n<p>Asimismo sigue presente el gran desaf\u00edo de dar respuesta a la demanda de perfiles de Operaci\u00f3n de equipos (fijos o m\u00f3viles), teniendo en consideraci\u00f3n los cambios tecnol\u00f3gicos que la industria ya proyecta desde el corto plazo.<\/p>\t\t\t\t\t\t<\/div>\n\t\t\t\t<\/div>\n\t\t\t\t\t<\/div>\n\t\t<\/div>\n\t\t\t\t\t\t\t<\/div>\n\t\t<\/section>\n\t\t\t\t\t\t<\/div>\n\t\t\t\t\t<\/div>\n\t\t","protected":false},"excerpt":{"rendered":"<p>Demanda y brechas de Capital Humano BRECHAS DE CAPITAL HUMANO AL 2030 POR PERFIL (Cantidad de trabajadores y trabajadoras) Fuente: Proyecci\u00f3n demanda total de proyectos + retiros y oferta formativa. La brecha por perfil se calcula a partir de la diferencia entre la oferta formativa y la demanda requerida para los pr\u00f3ximos diez a\u00f1os. En [&hellip;]<\/p>\n","protected":false},"author":1,"featured_media":0,"parent":724,"menu_order":0,"comment_status":"closed","ping_status":"closed","template":"","meta":{"om_disable_all_campaigns":false,"_mi_skip_tracking":false,"footnotes":""},"class_list":["post-729","page","type-page","status-publish","hentry"],"aioseo_notices":[],"_links":{"self":[{"href":"https:\/\/ccm-eleva.cl\/efl2021\/wp-json\/wp\/v2\/pages\/729","targetHints":{"allow":["GET"]}}],"collection":[{"href":"https:\/\/ccm-eleva.cl\/efl2021\/wp-json\/wp\/v2\/pages"}],"about":[{"href":"https:\/\/ccm-eleva.cl\/efl2021\/wp-json\/wp\/v2\/types\/page"}],"author":[{"embeddable":true,"href":"https:\/\/ccm-eleva.cl\/efl2021\/wp-json\/wp\/v2\/users\/1"}],"replies":[{"embeddable":true,"href":"https:\/\/ccm-eleva.cl\/efl2021\/wp-json\/wp\/v2\/comments?post=729"}],"version-history":[{"count":31,"href":"https:\/\/ccm-eleva.cl\/efl2021\/wp-json\/wp\/v2\/pages\/729\/revisions"}],"predecessor-version":[{"id":2248,"href":"https:\/\/ccm-eleva.cl\/efl2021\/wp-json\/wp\/v2\/pages\/729\/revisions\/2248"}],"up":[{"embeddable":true,"href":"https:\/\/ccm-eleva.cl\/efl2021\/wp-json\/wp\/v2\/pages\/724"}],"wp:attachment":[{"href":"https:\/\/ccm-eleva.cl\/efl2021\/wp-json\/wp\/v2\/media?parent=729"}],"curies":[{"name":"wp","href":"https:\/\/api.w.org\/{rel}","templated":true}]}}